reds digit of 7871?
8
What is the ten thousands digit of 26556?
2
What is the units digit of 442?
2
What is the hundreds digit of 943?
9
What is the hundreds digit of 821?
8
What is the hundreds digit of 6574?
5
What is the thousands digit of 7538?
7
What is the hundreds digit of 2586?
5
What is the ten thousands digit of 25376?
2
What is the tens digit of 8363?
6
What is the units digit of 1011?
1
What is the thousands digit of 12810?
2
What is the thousands digit of 2095?
2
What is the tens digit of 15?
1
What is the units digit of 77297?
7
What is the units digit of 762?
2
What is the tens digit of 10034?
3
What is the tens digit of 4195?
9
What is the tens digit of 43597?
9
What is the ten thousands digit of 18005?
1
What is the units digit of 5313?
3
What is the tens digit of 1015?
1
What is the thousands digit of 4260?
4
What is the ten thousands digit of 31061?
3
What is the tens digit of 1575?
7
What is the tens digit of 1368?
6
What is the thousands digit of 111235?
1
What is the units digit of 14283?
3
What is the tens digit of 205?
0
What is the units digit of 665?
5
What is the tens digit of 1047?
4
What is the thousands digit of 4835?
4
What is the hundreds digit of 6669?
6
What is the units digit of 1113?
3
What is the thousands digit of 37960?
7
What is the units digit of 653?
3
What is the hundreds digit of 4194?
1
What is the hundreds digit of 66310?
3
What is the thousands digit of 9470?
9
What is the tens digit of 21450?
5
What is the tens digit of 9708?
0
What is the thousands digit of 1451?
1
What is the hundreds digit of 173480?
4
What is the hundreds digit of 11901?
9
What is the units digit of 106285?
5
What is the units digit of 85003?
3
What is the tens digit of 5844?
4
What is the hundreds digit of 529?
5
What is the tens digit of 21266?
6
What is the hundreds digit of 9888?
8
What is the thousands digit of 11915?
1
What is the units digit of 16450?
0
What is the thousands digit of 104918?
4
What is the tens digit of 806?
0
What is the units digit of 3856?
6
What is the thousands digit of 43047?
3
What is the units digit of 8678?
8
What is the tens digit of 27795?
9
What is the tens digit of 1761?
6
What is the thousands digit of 9402?
9
What is the units digit of 15067?
7
What is the units digit of 10486?
6
What is the tens digit of 753?
5
What is the tens digit of 2581?
8
What is the hundreds digit of 60817?
8
What is the tens digit of 10166?
6
What is the thousands digit of 5942?
5
What is the ten thousands digit of 18412?
1
What is the hundreds digit of 4836?
8
What is the units digit of 26719?
9
What is the tens digit of 27657?
5
What is the tens digit of 1316?
1
What is the hundreds digit of 7736?
7
What is the units digit of 2270?
0
What is the units digit of 19395?
5
What is the thousands digit of 48930?
8
What is the tens digit of 3759?
5
What is the tens digit of 966?
6
What is the hundred thousands digit of 108682?
1
What is the tens digit of 32698?
9
What is the hundreds digit of 332?
3
What is the units digit of 63486?
6
What is the hundreds digit of 3350?
3
What is the hundreds digit of 69505?
5
What is the thousands digit of 6694?
6
What is the hundreds digit of 4849?
8
What is the units digit of 20838?
8
What is the hundreds digit of 14825?
8
What is the hundreds digit of 149?
1
What is the units digit of 439?
9
What is the tens digit of 69?
6
What is the units digit of 128?
8
What is the units digit of 3854?
4
What is the units digit of 7872?
2
What is the units digit of 58777?
7
What is the thousands digit of 2527?
2
What is the units digit of 94712?
2
What is the units digit of 51519?
9
What is the tens digit of 3896?
9
What is the tens digit of 461?
6
What is the hundreds digit of 2185?
1
What is the tens digit of 63998?
9
What is the tens digit of 10689?
8
What is the hundreds digit of 1344?
3
What is the thousands digit of 6712?
6
What is the units digit of 12815?
5
What is the tens digit of 1314?
1
What is the thousands digit of 40384?
0
What is the ten thousands digit of 41064?
4
What is the tens digit of 6481?
8
What is the thousands digit of 1620?
1
What is the thousands digit of 117431?
7
What is the ten thousands digit of 27855?
2
What is the tens digit of 1947?
4
What is the tens digit of 26197?
9
What is the tens digit of 882?
8
What is the thousands digit of 48724?
8
What is the hundreds digit of 6225?
2
What is the hundreds digit of 278?
2
What is the thousands digit of 1138?
1
What is the ten thousands digit of 15515?
1
What is the tens digit of 5432?
3
What is the tens digit of 7530?
3
What is the hundreds digit of 3774?
7
What is the hundreds digit of 112800?
8
What is the thousands digit of 37335?
7
What is the ten thousands digit of 110819?
1
What is the tens digit of 18363?
6
What is the hundreds digit of 44632?
6
What is the units digit of 54868?
8
What is the thousands digit of 46885?
6
What is the thousands digit of 7656?
7
What is the hundreds digit of 1303?
3
What is the thousands digit of 1347?
1
What is the ten thousands digit of 74334?
7
What is the ten thousands digit of 10273?
1
What is the units digit of 1393?
3
What is the hundreds digit of 205?
2
What is the thousands digit of 1456?
1
What is the hundreds digit of 3812?
8
What is the tens digit of 3726?
2
What is the tens digit of 2023?
2
What is the tens digit of 939?
3
What is the tens digit of 1259?
5
What is the units digit of 1913?
3
What is the tens digit of 5695?
9
What is the hundreds digit of 1603?
6
What is the units digit of 1301?
1
What is the ten thousands digit of 12707?
1
What is the tens digit of 94120?
2
What is the units digit of 13310?
0
What is the ten thousands digit of 24459?
2
What is the tens digit of 291?
9
What is the units digit of 1743?
3
What is the units digit of 9?
9
What is the tens digit of 835?
3
What is the hundreds digit of 37590?
5
What is the tens digit of 22?
2
What is the thousands digit of 14351?
4
What is the tens digit of 515?
1
What is the hundreds digit of 2837?
8
What is the tens digit of 1175?
7
What is the hundreds digit of 2381?
3
What is the units digit of 2537?
7
What is the units digit of 23127?
7
What is the units digit of 21126?
6
What is the tens digit of 2067?
6
What is the tens digit of 6690?
9
What is the thousands digit of 3837?
3
What is the units digit of 436?
6
What is the thousands digit of 2401?
2
What is the tens digit of 14134?
3
What is the thousands digit of 2299?
2
What is the units digit of 475?
5
What is the units digit of 811?
1
What is the hundreds digit of 4179?
1
What is the tens digit of 651?
5
What is the units digit of 25086?
6
What is the hundreds digit of 1906?
9
What is the thousands digit of 2604?
2
What is the units digit of 5235?
5
What is the units digit of 89300?
0
What is the tens digit of 6758?
5
What is the units digit of 1465?
5
What is the thousands digit of 1180?
1
What is the tens digit of 118761?
6
What is the tens digit of 197?
9
What is the hundreds digit of 19124?
1
What is the hundreds digit of 834?
8
What is the hundreds digit of 888?
8
What is the thousands digit of 19077?
9
What is the thousands digit of 18343?
8
What is the units digit of 2326?
6
What is the tens digit of 22636?
3
What is the ten thousands digit of 66192?
6
What is the units digit of 8763?
3
What is the units digit of 1277?
7
What is the hundreds digit of 1356?
3
What is the units digit of 1694?
4
What is the tens digit of 574?
7
What is the ten thousands digit of 55584?
5
What is the tens digit of 1826?
2
What is the units digit of 158364?
4
What is the units digit of 38840?
0
What is the tens digit of 955?
5
What is the hundreds digit of 160?
1
What is the hundreds digit of 454?
4
What is the units digit of 26080?
0
What is the thousands digit of 20633?
0
What is the tens digit of 48349?
4
What is the units digit of 45?
5
What is the tens digit of 119683?
8
What is the tens digit of 1558?
5
What is the thousands digit of 8142?
8
What is the ten thousands digit of 16171?
1
What is the units digit of 4047?
7
What is the units digit of 80743?
3
What is the thousands digit of 5546?
5
What is the thousands digit of 5950?
5
What is the units digit of 3285?
5
What is the units digit of 501?
1
What is the units digit of 906?
6
What is the hundreds dig